te the remainder when i is divided by 5.
4
Suppose 4*t - 26 + 154 = 4*z, -205 = -5*z - 4*t. Calculate the remainder when 72 is divided by z.
35
Let c(u) = u - 11. Let k be (-1)/4 - 153/(-4). Let n = -14 + k. What is the remainder when n is divided by c(20)?
6
Let v(z) be the third derivative of z**5/15 - z**4/4 + z**3/6 - 2*z**2. What is the remainder when v(4) is divided by 5 + -3 + 12*1?
13
Let g(v) = -v + 32. Let x be g(0). Let b = -8 + 37. Calculate the remainder when b is divided by x*(2/4)/1.
13
Let s = 65 + -37. Suppose c + s = 5*c. Calculate the remainder when c is divided by 4.
3
Let p = 2 - 1. Suppose q - 2 = -q. What is the remainder when p is divided by q/(-4)*-2*2?
0
Suppose 4*s + s = 190. Calculate the remainder when s is divided by 20.
18
Let g = -11 - -17. Let d = g + 15. Let t(h) = -6*h**3 - 3*h**2 - 2*h. What is the remainder when t(-2) is divided by d?
19
Suppose l + 3*i - 33 = 0, -5*l - 6*i = -7*i - 85. What is the remainder when 68 is divided by l?
14
Suppose -775*x + 49 = -768*x. What is the remainder when (1 - 3)/(1/(-6)) is divided by x?
5
Suppose 2*z - 145 + 61 = 0. What is the remainder when z is divided by 16?
10
Suppose -3*f + 277 = f + 5*b, -3*f = 4*b - 208. Let p be (1 - 2/4)*f. Calculate the remainder when (1 - -1)/(4/p) is divided by 9.
8
Suppose -2*c - 13 = -2*s + 3*c, -3*s = 3*c - 9. What is the remainder when 10 is divided by s?
2
Let y = 130 + -79. Suppose -49 - y = -2*l. Calculate the remainder when l is divided by 17.
16
Suppose 0 = 4*t + 5 - 33. Let b = 5 + -1. Calculate the remainder when (b/10)/((-1)/(-30)) is divided by t.
5
Let x = -94 + 136. Calculate the remainder when x is divided by 15.
12
Let m(q) = q**3 - 5*q**2 - q + 9. What is the remainder when 37 is divided by m(5)?
1
Suppose 4*f - 7*f + 117 = 0. What is the remainder when f is divided by 12?
3
Suppose 15 = 4*g + 3. Suppose g*y = -27 + 156. Calculate the remainder when 17 is divided by (-8)/(-20) + y/5.
8
Suppose 3*r - 4*i = 127, 55 - 12 = r - 2*i. Let m(c) be the third derivative of c**4/24 + 7*c**3/3 - c**2. Calculate the remainder when r is divided by m(0).
13
Let z = -103 + 123. What is the remainder when 28 is divided by z?
8
Let n be 1*(-2*1 + 2). Suppose 0 = q - r - 32, n*q + 26 = q - 3*r. What is the remainder when q is divided by 12?
11
Let a(n) = n**2 + 3*n + 3. Suppose -3*s = 2*s - 100. Calculate the remainder when s is divided by a(-4).
6
Let w = 29 - 14. What is the remainder when 9 is divided by ((-15)/9 + 2)*w?
4
Suppose 0 = 2*j - 2*m - 93 + 17, -m = -4. Calculate the remainder when j is divided by 9.
6
Let n = 7 + -4. Calculate the remainder when n + 11/(11/54) is divided by 10.
7
Suppose 2*j - 6 + 28 = 4*s, -3*s = j - 29. What is the remainder when 22 is divided by s?
6
Suppose -3*v + 6*v - 99 = 0. Calculate the remainder when v is divided by 7.
5
Calculate the remainder when 96 is divided by 2 + 1*(-31)/(-1).
30
Suppose 3*s = 34 - 7. Calculate the remainder when s is divided by 6.
3
Let o = 29 - 21. Calculate the remainder when 2/3 + (-120)/(-9) is divided by o.
6
Suppose 67 = -4*t - 5*n, -5*t = 4*n + 50 + 36. Let r = -11 - t. What is the remainder when r is divided by 4?
3
Suppose -2*s = -3*l + 13, -2*s - 3 + 5 = 0. Suppose 4*n + l*r = n + 61, -4*r + 20 = 0. Calculate the remainder when 45 is divided by n.
9
Let b = -5 + 4. What is the remainder when 31 is divided by ((-44)/16)/(b/4)?
9
Let h = 4 - -8. Suppose 0 = -3*n + h, -4*u + 4*n + 80 = -u. Suppose 2*i - u = -2*i. What is the remainder when 14 is divided by i?
6
Let k = 4 + 0. Suppose -8 = -2*z, 2*z + 52 = k*f + 6*z. What is the remainder when 15 is divided by f?
6
Suppose 21 = 2*j + 5*t, 0 = -3*j + 3*t - 2*t + 6. Suppose 0*l = u + j*l - 12, 93 = 5*u + 4*l. Calculate the remainder when u is divided by 11.
10
Suppose -z = 1 - 5. Suppose z*d - 6 = 14. Let f(u) = u**2 + 4*u + 4. Calculate the remainder when f(d) is divided by 17.
15
Suppose 5*h = 2*f + 290, 3*h - 41 = f + 134. What is the remainder when h is divided by 11?
5
Suppose d - v + 6*v = -9, -5*v = -2*d + 27. What is the remainder when 68/d + (-4)/12 is divided by 3 - 1 - (-2 + 0)?
3
Let c(m) = m**3 + 4*m**2 + 3*m + 3. Let b be c(-3). What is the remainder when 46 is divided by -1 + b + (-20)/(-2)?
10
Let z(s) = s**2 + 6*s + 12. Calculate the remainder when z(-9) is divided by ((-8)/10)/((-2)/25).
9
Let v = -138 - -177. Calculate the remainder when v is divided by 15.
9
Suppose 5*z - 6*x = -x + 240, 0 = -4*x - 8. What is the remainder when z is divided by 16?
14
Suppose -2*i + 4 = -2. Suppose i*z - 4*z - 5 = 0. What is the remainder when 255/z*2/(-6) is divided by 9?
8
Suppose 0 = 3*z + z + 4. Let r(v) = -2*v - 1. What is the remainder when 2 is divided by r(z)?
0
Let s(h) = 3*h - 4. Suppose 0 = -j - 0 - 8. Let l = j + 14. What is the remainder when s(5) is divided by l?
5
Suppose -f + 0 + 15 = 0. Let h be (-2 - -6)/((-4)/(-18)). Suppose 2*c + c = h. Calculate the remainder when f is divided by c.
3
Let f = -122 - -82. Let x be (-2)/8 + (-170)/f. Suppose 2*l + 38 = x*l. Calculate the remainder when l is divided by 5.
4
Suppose -2*k = -3*f + 146, 0*k - k = 3*f - 161. Let v = -81 + 46. Let n = f + v. What is the remainder when 32 is divided by n?
15
Let z = -23 - -15. Let p = 6 - z. Calculate the remainder when p is divided by 5.
4
Suppose 5*b - 8*b = -114. What is the remainder when b is divided by 8?
6
Let d = 24 - 41. Let x = d + 35. What is the remainder when 34 is divided by x?
16
Suppose -119 = -12*h + 5*h. What is the remainder when h is divided by 7?
3
Suppose -88 = -3*c + 17. What is the remainder when c - 5*2/5 is divided by 17?
16
Suppose 2*y - 18 - 12 = 0. Let p(u) = 11*u**3 + 3*u**2 + u + 2. Let f be p(-2). Let o = -48 - f. Calculate the remainder when o is divided by y.
13
Suppose -31 + 7 = -4*s. Calculate the remainder when 267/21 + 2 + 2/7 is divided by s.
3
Let x = -13 + 8. Let b = 2 - x. Let m = -12 - -24. Calculate the remainder when m is divided by b.
5
Calculate the remainder when (-20)/12*-33 - -4 is divided by 30.
29
Let m(l) = l**2 + 4*l + 6. Let x(h) = -h**3 + 4*h**2 - 4. Let r be x(4). Let b = -23 + 33. Calculate the remainder when b is divided by m(r).
4
Suppose -5*w = -5*b - 75, -6*w + 29 = -3*w + 5*b. What is the remainder when 37 is divided by w?
11
Let x be (-2)/(-2 + (-75)/(-36)). Let t = x - -37. Let d = -7 + t. What is the remainder when 10 is divided by d?
4
Let i(s) = -s**2 - 5*s + 8. Let y(v) = -v**2 - 6. Let j be y(0). Let k be 135/(-25) + j/10. What is the remainder when 4 is divided by i(k)?
0
What is the remainder when 82 is divided by 5/(15/6) - -27?
24
Suppose -5*m - 4 + 49 = 0. Suppose -94 = -m*b + 7*b. Calculate the remainder when b is divided by 16.
15
What is the remainder when 10 is divided by 1*(-9)/6*24/(-9)?
2
Suppose -4*w - 42 + 10 = 0. Let b be 1/(-2)*(0 + w). Suppose -4*t + b = -0*s - 2*s, 2*t - 2*s = 0. What is the remainder when 5 is divided by t?
1
Let q = 13 + -2. What is the remainder when ((21 - 2)*1)/1 is divided by q?
8
Let f be (-15)/9 - (-3)/(-9). Calculate the remainder when 73 is divided by (-1)/f + (-49)/(-2).
23
Suppose -4 = -4*y + 4. Let w(j) = -j**2 + 6*j - 1. Calculate the remainder when (23 - 1)/y + 2 is divided by w(4).
6
Let n = -24 - -76. Calculate the remainder when n is divided by 11.
8
Suppose -5 = -r, -4*d + 6*r - 3*r = 235. Calculate the remainder when (-595)/d + (-4)/(-22) is divided by 7.
4
Let j be 2/(-3)*(-9)/2. Suppose -5*y = -s + 10, 0 = s - y - 9 + j. Suppose -4*f - 33 = -s*w, -2*f + 6*f = 12. What is the remainder when 35 is divided by w?
8
Let t(r) = -r**2 - 7*r - 5. Let y = 9 - -11. Calculate the remainder when y is divided by t(-4).
6
Suppose x + 4 = -4*i, 33 + 23 = 3*x - 5*i. Let w(f) = -f**3 + 5*f**2 - 3*f - 4. What is the remainder when x is divided by w(3)?
2
Suppose -2*k - 4 = -12. Calculate the remainder when 11 is divided by k.
3
Let w = 0 - 3. Let f(z) = z**3 + 5*z**2 + 4*z + 3. What is the remainder when f(w) is divided by ((-10)/(-3))/((-4)/(-6))?
4
Let d = 6 - -2. What is the remainder when 38 is divided by d?
6
Suppose 34*t - 31*t = 30. Calculate the remainder when 58 is divided by t.
8
Suppose 0 = -11*x + 9*x + 6. Suppose 13 + 5 = v. Suppose -5*q = -7 - v. What is the remainder when q is divided by x?
2
Let